91 - (2 + -31).
20
What is -18 + (36 + -3 - 2)?
13
3 - 6 - -1 - (116 - 97)
-21
(14 - (-12 - -23)) + (-4 - 1) - -12
10
Calculate -24 + 41 - (18 + -7).
6
3 + (-9 - -16) + -6
4
Evaluate -19 - -20 - (-7 - 3).
11
Calculate 69 + -62 + -9 + -2 + 0.
-4
Evaluate 91 + -79 + -8 + 3.
7
Calculate -5 + 21 + (-9 - (-1 + -3)).
11
What is the value of (2 + -13 - -19) + -15?
-7
What is 9 + -1 + 2 + (-148 - -153)?
15
What is the value of (-18 + 18 - (3 + 3)) + -1?
-7
Evaluate -4 + (1 + -8 - (5 - 4)).
-12
Calculate 13 + -15 + (22 - 5).
15
What is -2 + -36 + 2 + -64 + 77?
-23
-21 - (-12 + -16 + 21)
-14
What is the value of (-9 + 13 - -3) + (1 - -1)?
9
20 + -23 - (-2 - 8)
7
Evaluate 6 + 24 + 8 + -20.
18
What is the value of (-72 - -74) + (3 + 1 - (3 + 0))?
3
What is 3 + (-8 + (10 - (11 - -1)) - -7)?
0
28 + 1 + (-4066 - -4029)
-8
What is the value of 31 + 1 + (2 - 38)?
-4
Calculate 0 + (4 - -7 - 14 - -6 - 4).
-1
Evaluate -1 - -16 - (-668 - -656) - 17.
10
-5 - -4 - (6 - (-13 + -7 + 14))
-13
Evaluate -6 - (-7 + -17 + 12) - -7.
13
Calculate -6 + (-9 + 7 - -9) - 9.
-8
Evaluate 2 - (38 + (-27 - -14) - (0 + 6)).
-17
Calculate 8 + (-7 - (-11 - -6 - 9)).
15
What is 8 - (28 + -18) - -6 - -16?
20
Calculate (35 - (-15 - -32)) + -20.
-2
Calculate 20 - (9 + 4 + -10 + 2).
15
(-30 + -7 - -46) + -1 + 0 + 3
11
Evaluate 0 - (-9 + 18 + 30).
-39
What is the value of -11 + (9 - 14) - 0 - (-2 + -6)?
-8
-6 - -8 - -9 - (-5 - -3 - 3)
16
What is 9 - (-7 + 39) - (3 + (-15 - -7))?
-18
Calculate 53 + -65 + -2 + 28 - -23.
37
What is 3 + (-24 - -17) + (-1 - 2) + -12?
-19
What is the value of 1 + 2 + -7 - (-152 - -142)?
6
What is (6 - (6 + -9)) + 3?
12
Calculate (42 - 9) + (127 - 166).
-6
34 + (0 + 3 - -9) + -18
28
What is 1 + -10 + 60 + -48 + 3 + 3?
9
Calculate 26 + 1 + -30 - (-32 + (4 - 1)).
26
What is the value of -2356 - -2344 - ((-10 - 0) + 0 + 1)?
-3
What is the value of (-2 - -1) + 4 - (253 - 229)?
-21
Calculate (-6 - (-4 + -7) - (-4 + 12)) + -3.
-6
What is the value of -7 - 1 - (-17 + -13 + 9 + -2)?
15
Calculate -23 - (0 + -20 + 10).
-13
-33 + 9 + -17 + 3 + 17
-21
20 + -22 - 12 - (-1 - 5)
-8
What is the value of 62 + -61 + 18 + 0?
19
Calculate 10 - 0 - (554 - 542).
-2
Evaluate -1 - ((10 - (16 + 10)) + 7).
8
Evaluate -80 - (14 - 56) - -31.
-7
Evaluate -10 + 24 + -16 - -8.
6
What is the value of -4 + 0 + (26 - 41) + 31?
12
81 + -55 + (-16 - -3) + 0
13
Calculate (3 - 2) + 5 + 1 + (9 - 19).
-3
4 + (-3 - (1 - 4)) + (11 - 6)
9
-22 - (9 + 2 - 19) - 4
-18
What is -26 - -2 - (-4 + -4)?
-16
What is 6 + 22 + 3 + -30?
1
What is the value of -7 - -1 - ((10 - 26) + (-27 - -26))?
11
What is 4 + -2 + -2 + -41 + 21?
-20
What is 31 - (-10 - 3 - -29)?
15
4 + -11 + (-2 - 9) + 11 + -20
-27
What is 3 + -5 + (11 - 10)?
-1
Calculate -1 + (8 - -3) + -5 + -8 + -10.
-13
What is (-2 - ((-5 - -11) + (-1 - 0))) + 6?
-1
What is (3 - 2) + (70 - 95)?
-24
What is the value of -7 + -32 + (-14 - -24)?
-29
Calculate (74 - 102) + (0 - -4 - -1).
-23
Calculate 1 + 23 + (-27 - -12) + -10.
-1
What is the value of -7 - ((4 - (14 + -2 + 8)) + 6)?
3
What is the value of 11 - 1 - 22 - -11?
-1
-24 + 10 + 13 + 7 + (6 - 1)
11
(-1 - (-8 + 7 + -3 + 0)) + 11
14
What is the value of 14 + -8 + -10 + 8 + 0?
4
What is the value of -47 + (49 - 30) + 32?
4
Evaluate -10 - (11 + -27 + 0).
6
Evaluate 0 - (-10 + 10 - (-8 - -6 - -10)).
8
What is 3 + -1 + 1 - ((7 - 7) + 7)?
-4
What is the value of (6 - (36 + -59)) + -12?
17
5 + (5 - (6 - 10)) - -7
21
Calculate 4 + -1 + 20 + (18 - (41 - -2)).
-2
What is -9 - (148 + -144 + (-1 - (0 + 0)))?
-12
Calculate -16 - ((-9 - 3) + 19).
-23
-57 - -32 - (-8 - 15)
-2
Evaluate 4 - (-7 - 4) - 9 - -15.
21
Calculate -67 - -74 - (6 - -5).
-4
What is the value of -5 + 2 + -13 + 12 + 13?
9
What is the value of (-1 - -8) + ((17 - 7) + -20 - 21)?
-24
What is 8 + 1 + (2 - (5 + 0 + 0))?
6
Calculate (-5 + (-6 - (3 + -15)) - 4) + 4.
1
What is 7 + 2 + (-1 - (-45 + 38))?
15
(19 - 27 - (1 + 1) - 28) + 5
-33
Calculate 31 + (31 - 37) + -3.
22
Evaluate -262 - -251 - (0 + -25).
14
Calculate -6 - ((5 - (3 + 7)) + 7).
-8
What is the value of -13 + (-7 + (-14 - -17) - -3)?
-14
-3 - (0 + 14) - -30 - -3
16
Calculate -46 - (-54 + 5 + 27).
-24
What is the value of 32 + -32 + -39 + 43?
4
What is the value of -9 + 11 - (7 + (-4 - 7) - 13)?
19
-13 + 0 - -2 - (25 - 24)
-12
What is the value of -23 + (-6 - -13) - (-78 - -70)?
-8
-16 - (29 + -95 + 31)
19
Evaluate -3 + (-16 - -17) + (6 - 1) + 1.
4
11 + -13 - (4 - 0 - -5)
-11
What is the value of 5 + (4 - 4) - (13 + -6) - 6?
-8
What is (5 - -10 - 5) + -6 + -34 + 9?
-21
What is -9 + (0 - (-4 + 5) - 9) + 31?
12
What is 32 + -4 + -21 + 8?
15
What is -9 - (2 - (16 - 9))?
-4
What is the value of 13 - ((10 - (1 + -7)) + -4)?
1
What is 24 + -3 + -15 + 13?
19
-15 - (6 + -1 - 2) - -16
-2
What is -29 - (-43 + 38 + -18)?
-6
Evaluate -7 - (12 + -26) - (3 + -13).
17
(0 - -19) + (-3 - (-16 - (-22 - 0)))
10
What is the value of 3 + -2 + -1 - (-2 - 3 - 4)?
9
Evaluate -6 + -31 + 40 + (-3 - (3 - -5)).
-8
Calculate 2 + 2 + -3 - -2.
3
What is (2 - 0 - (19 + 6 + -32)) + -34?
-25
Calculate (1 - 8) + -8 + 3 + 4 + -1.
-9
What is 38 + -47 - (-2 + 4 + -10)?
-1
Evaluate -1 + 12 + 0 + 31 + -37 + 6.
11
(-2 - -10) + -13 + 14 + 9 + -4
14
Calculate 25 + (-3 - (12 - 12)) - -10.
32
Evaluate (1 + 13 - (-9 - -53)) + 4.
-26
Calculate -10 + 26 - 59 - -25.
-18
Evaluate (55 - 42) + (-7 - 9).
-3
What is the value of -79 + (80 - 37) + 44?
8
0 - (7 - (-4 + 16) - -8)
-3
What is 17 + 1 - (48 - 30)?
0
What is 11 + -5 + (-4 + 4 - 4) + 5?
7
-1818 + 1828 + (2 - 30 - 2)
-20
Calculate 496 + -452 - (22 + -1).
23
What is 6 - (-62 + 68 - (6 - 2))?
4
Evaluate (-39 - -53 - 22) + 47.
39
Evaluate -22 - (-26 + -17) - 12.
9
-16 + (5 - -4) - -7
0
Calculate (24 - 59) + (45 - 23).
-13
What is the value of 11 + 1 + 4 + -4?
12
What is (147 - 148) + 2 + 0 + (3 - 0)?
4
What is the value of -2 - ((-2 - 13) + 7 + -5)?
11
22 - (11 - ((-3 - (-10 - -5)) + -2))
11
Calculate (-14 - 3) + 10 - -8.
1
Evaluate 19 - (-40 + 55) - (0 + 10).
-6
What is -24 + 29 + (2 - 5 - 6)?
-4
Evaluate 28 + (-7 - 18) + (-20 - 1).
-18
1 + (-7 - 8) + 8 - (4 - 12)
2
Evaluate (-12 + 8 - 1) + -10.
-15
What is (-35 - -41) + (23 - (7 - -1))?
21
What is 7 + -18 + -3 + (2 - 1)?
-13
Calculate -9 - (-6 + (-8 - -1 - (26 - 37))).
-7
What is -15 + (-19 - -15) + 15?
-4
Calculate (28 + -47 - -23) + -19.
-15
26 - 3 - (-469 - -471)
21
What is the value of (-2 - -5) + 3 - 12 - 0?
-6
Calculate (-1 - 9) + -2 + 4 + -9.
-17
What is 8 + (0 - (10 + -1))?
-1
-12 + -26 + 22 - -13
-3
-6 + 14 + -11 + 0 - (-1 - 3)
1
What is the value of -1 - 4 - (25 - 27)?
-3
(-5 - 0) + (0 - (-20 - -10)) + -33
-28
Calculate 17 + -44 + 30 + -43.
-40
What is the value of 5 + (11 + -26 - -12) + 19?
21
Evaluate 10 - -1 - 11 - (-4 + 14).
-10
What is -6 - (-17 + (60 - 30))?
-19
What is the value of 23 + 1 - (-503 - -530)?
-3
Evaluate -6 + 3 - (9 + -3) - 3.
-12
What is (-14 + 6 - (-6 - (-1 + 6))) + -8?
-5
Calculate 16 - (-5 - (-16 + 8 - -1)).
14
What is the value of 6 - (-14 - (-22 + -3))?
-5
(1 - 13) + (42 - 34) + (1 - 2)
-5
22 - 65 - (0 + -17)
-26
What is -12 + -3 - (1 + 7 + -12 - 5)?
-6
7 - ((52 - 17) + -16)
-12
What is 11 - ((3 - 8 - -8) + -3)?
11
What is the value of (-11 - -16) + (-2 - -7)?
10
What is -28 + 14 - -19 - (5 + (3 - 3))?
0
Calculate 14 - (10 + -10 + -4 + -7).
25
What is -510 + 503 + (19 - -1 - -1)?
14
Evaluate 32 + (-4 - (8 - 6)) - 12.
14
Calculate -18 - ((-29 - -11) + 3).
-3
Evaluate -3 + -4 - -13 - -1 - 14.
-7
0 + 2 - (-35 - -27)
10
What is -9 + 16 + 4 + -76 + 38?
-27
(1 - -1) + -17 + (22 - -3)
10
Calculate 10 - (9 - (-3 + -2)).
-4
Evaluate 8 + 0 + (-7 - (-20 + 24)) + 8.
5
Evaluate -506 - -495 - (-1 + -13).
3
33 + 9 + 3 + -19 - 9
17
68 + -64 + (0 - 2 - -5)
7
9 + (15 - 11) - (-2 + 7)
8
-30 + 3 + -7 + 63
29
What is (3 + -1 - -37) + -6?
33
What is the value of -1 + (3 - -2 - 0) + (-51 - -63)?
16
Calculate -24 + 3 - (-5 + -6 + (-3 - -6)).
-13
Calculate 41 + -11 + 8 + -13 - 15.
10
What is the value of 22 + 0 - (168 + -151)?
5
What is the value of -81 + 77 + 2 + 15?
13
4 - (-2 + -11 + (3 + -1 - -8))
7
Calculate (7 + 21 - -1) + 8 + -14.
23
-5 + (-4 - (-34 + 1 - -8))
16
Evaluate (0 - -22) + (11 + -11 - 10) + 2.
14
What is 9 + 4 + (3 + 2 - 2)?
16
-69 - -94 - (-1 + 3)
23
What is -4 + 10 - (0 + (-4 - 1))?
11
What is 1 - (-5 - (5 + 1 + 